s 115249 composite?
False
Is 420751 prime?
False
Is 60439 a composite number?
True
Is 420779 a composite number?
False
Is 5779 composite?
False
Is 14683 composite?
False
Is 25111 a composite number?
False
Is 362473 a composite number?
False
Is 6899 composite?
False
Is 695413 a prime number?
False
Is 28699 composite?
True
Is 3907 prime?
True
Is 11789 prime?
True
Is 898019 a prime number?
True
Is 288907 composite?
False
Is 428371 composite?
True
Is 20639 a composite number?
False
Is 998183 composite?
True
Is 917353 composite?
False
Is 16649 composite?
False
Is 21001 composite?
False
Is 89239 prime?
False
Is 55283 a prime number?
False
Is 472523 a composite number?
False
Is 107773 a composite number?
False
Is 12451 composite?
False
Is 95701 prime?
True
Is 374161 composite?
True
Is 1143587 a prime number?
True
Is 139079 composite?
False
Is 155063 a prime number?
False
Is 222097 a prime number?
False
Is 53651 a composite number?
True
Is 3907 a composite number?
False
Is 508189 a prime number?
False
Is 26153 prime?
True
Is 15869 a prime number?
False
Is 81331 a prime number?
True
Is 15107 a composite number?
False
Is 33965 prime?
False
Is 11695 composite?
True
Is 119179 a prime number?
True
Is 188561 composite?
True
Is 757231 composite?
True
Is 313798 composite?
True
Is 5141 prime?
False
Is 43913 composite?
False
Is 62627 prime?
True
Is 128237 a prime number?
True
Is 1215959 a prime number?
False
Is 282157 composite?
False
Is 1042081 composite?
False
Is 33 composite?
True
Is 59047 prime?
False
Is 21089 composite?
False
Is 378647 a composite number?
True
Is 10663 a composite number?
False
Is 985 a prime number?
False
Is 181057 a prime number?
False
Is 24653 composite?
True
Is 2650301 prime?
True
Is 5455 prime?
False
Is 444511 composite?
True
Is 169577 prime?
False
Is 18563 composite?
True
Is 31699 prime?
True
Is 301459 a composite number?
False
Is 32603 prime?
True
Is 23173 a prime number?
True
Is 13939 prime?
False
Is 103921 prime?
False
Is 43391 a prime number?
True
Is 1945297 a prime number?
True
Is 210251 prime?
False
Is 40646 a prime number?
False
Is 2725726 a composite number?
True
Is 164001 prime?
False
Is 137926 prime?
False
Is 339079 prime?
False
Is 11923 composite?
False
Is 4406627 a composite number?
False
Is 4747547 prime?
False
Is 151091 a composite number?
False
Is 25337 a prime number?
False
Is 55681 composite?
False
Is 255597 a composite number?
True
Is 432545 prime?
False
Is 15991 a composite number?
False
Is 2008523 prime?
False
Is 365529 a prime number?
False
Is 23099 a prime number?
True
Is 2700277 a prime number?
False
Is 4321 composite?
True
Is 69205 a prime number?
False
Is 27329 prime?
True
Is 88093 composite?
False
Is 378631 a prime number?
False
Is 254119 a prime number?
True
Is 455633 composite?
True
Is 26327 a composite number?
True
Is 362689 a composite number?
True
Is 20101 a prime number?
True
Is 9242 prime?
False
Is 186614 a prime number?
False
Is 74915 a prime number?
False
Is 391 prime?
False
Is 1498247 a prime number?
False
Is 1168715 a composite number?
True
Is 424565 composite?
True
Is 819731 composite?
True
Is 275953 composite?
True
Is 136673 a prime number?
False
Is 51941 a composite number?
False
Is 2002393 composite?
True
Is 1637 prime?
True
Is 8051 a composite number?
True
Is 20527 a composite number?
True
Is 180485 composite?
True
Is 877 a composite number?
False
Is 7318 prime?
False
Is 23847 prime?
False
Is 678289 a prime number?
True
Is 6547 a composite number?
False
Is 1087 a composite number?
False
Is 1361 a prime number?
True
Is 367597 a composite number?
False
Is 10973 prime?
True
Is 41999 a prime number?
True
Is 5914739 prime?
True
Is 7355 a composite number?
True
Is 10247 prime?
True
Is 42649 prime?
True
Is 162655 a prime number?
False
Is 606061 prime?
False
Is 391309 prime?
False
Is 869 composite?
True
Is 51473 a prime number?
True
Is 173699 composite?
False
Is 4139 a composite number?
False
Is 65921 composite?
False
Is 97919 a composite number?
False
Is 62273 composite?
False
Is 164599 a prime number?
True
Is 30133 prime?
True
Is 11351 a composite number?
False
Is 104071 a prime number?
False
Is 834337 composite?
True
Is 11383 a prime number?
True
Is 84107 composite?
True
Is 115085 prime?
False
Is 232241 prime?
False
Is 768059 a composite number?
False
Is 151015 a composite number?
True
Is 12131 a composite number?
True
Is 17159 prime?
True
Is 51631 composite?
False
Is 5227 prime?
True
Is 16847 composite?
True
Is 595229 composite?
False
Is 30491 a prime number?
True
Is 5581 composite?
False
Is 10123 a prime number?
False
Is 507557 prime?
True
Is 2195 a prime number?
False
Is 11579 a composite number?
False
Is 11338 a composite number?
True
Is 751549 a composite number?
False
Is 32577 prime?
False
Is 54799 a composite number?
False
Is 358219 composite?
False
Is 33809 a composite number?
False
Is 11863 prime?
True
Is 15277 a prime number?
True
Is 270949 prime?
False
Is 92699 composite?
False
Is 1158713 composite?
False
Is 122819 a prime number?
True
Is 41879 composite?
False
Is 1501081 prime?
True
Is 118099 prime?
False
Is 9257 a composite number?
False
Is 93851 prime?
True
Is 5401 composite?
True
Is 162577 prime?
True
Is 539557 a composite number?
True
Is 33721 a prime number?
True
Is 1141913 prime?
False
Is 163927 a composite number?
False
Is 16033 composite?
False
Is 10481 a prime number?
False
Is 543 a composite number?
True
Is 3949 composite?
True
Is 44351 prime?
True
Is 530221 a prime number?
False
Is 110337 a prime number?
False
Is 4166486 a composite number?
True
Is 5387 composite?
False
Is 46623 prime?
False
Is 3989 a composite number?
False
Is 9091 a prime number?
True
Is 1439 composite?
False
Is 37357 a prime number?
True
Is 2651 composite?
True
Is 38239 prime?
True
Is 25985 a composite number?
True
Is 2203 prime?
True
Is 674 a composite number?
True
Is 177 composite?
True
Is 343607 prime?
False
Is 11243 prime?
True
Is 393977 a prime number?
True
Is 320923 composite?
False
Is 74809 composite?
True
Is 2936147 prime?
False
Is 27361 a prime number?
True
Is 9349 prime?
True
Is 291971 composite?
False
Is 17938 a composite number?
True
Is 4061 a prime number?
False
Is 262621 composite?
False
Is 1865 prime?
False
Is 37441 a prime number?
True
Is 406303 composite?
True
Is 25435 a composite number?
True
Is 293 a prime number?
True
Is 507829 composite?
True
Is 20171 a prime number?
False
Is 20751 a composite number?
True
Is 43093 prime?
True
Is 1842539 a prime number?
True
Is 29269 a prime number?
True
Is 1269341 a prime number?
False
Is 3284461 prime?
True
Is 86539 composite?
False
Is 24889 a composite number?
False
Is 24251 prime?
True
Is 80687 prime?
True
Is 25459 a prime number?
False
Is 7103 a composite number?
False
Is 6997 a prime number?
True
Is 4195823 composite?
False
Is 46285 composite?
True
Is 13127 a prime number?
True
Is 993 a prime number?
False
Is 109789 a composite number?
False
Is 3967 a composite number?
False
Is 2638 a composite number?
True
Is 93929 a composite number?
True
Is 107063 prime?
False
Is 94019 a prime number?
False
Is 2459 prime?
True
Is 91939 a composite number?
False
Is 347723 composite?
True
Is 1219399 composite?
False
Is 33001 composite?
True
Is 373 a prime number?
True
Is 102633 a composite number?
True
Is 4853 prime?
False
Is 97423 composite?
False
Is 8299 prime?
False
Is 11861 a composite number?
True
Is 3793 a composite number?
False
Is 22262 prime?
False
Is 39817 a composite number?
True
Is 899531 a prime number?
True
Is 3377639 composite?
True
Is 22483 prime?
True
Is 121417 a prime number?
False
Is 2700559 a prime number?
True
Is 22303 prime?
True
Is 1682713 a prime number?
True
Is 18703 a composite number?
True
Is 208799 composite?
False
Is 15563 a prime number?
False
Is 48647 a composite number?
False
Is 444722 a prime number?
False
Is 8563 prime?
True
Is 207923 a prime number?
True
Is 153259 a composite number?
False
Is 2489521 a composite number?
False
Is 60173 composite?
True
Is 13579 a composite number?
True
Is 766721 a composite number?
False
Is 13102 a composite number?
True
Is 8353 a composite number?
False
Is 312043 prime?
True
Is 72613 a prime number?
True
Is 1734763 a prime number?
True
Is 13165 composite?
True
Is 225683 prime?
True
Is 2147